{"id":538,"date":"2020-03-23T08:25:22","date_gmt":"2020-03-23T08:25:22","guid":{"rendered":"https:\/\/spaces.filmschule.de\/about\/?page_id=536"},"modified":"2024-05-06T09:25:00","modified_gmt":"2024-05-06T07:25:00","slug":"aussehen-anpassen","status":"publish","type":"page","link":"https:\/\/spaces.th-koeln.de\/hilfe\/aussehen-anpassen\/","title":{"rendered":"Aussehen anpassen"},"content":{"rendered":"\n<p>Als Adminstrator*in eines Spaces kannst du das Aussehen sowie das Men\u00fc anpassen. Um eine \u00c4nderung vorzunehmen, klicke auf <strong>Einstellung<\/strong> und dann auf <strong>Darstellung<\/strong> \u00e4ndern. <\/p>\n\n\n\n<details class=\"wp-block-details wp-block-spaces-gutenblock-block-details is-layout-flow wp-block-details-is-layout-flow\"><summary>Men\u00fc hinzuf\u00fcgen<\/summary>\n<p>Um ein Men\u00fc hinzuzuf\u00fcgen musst, klicke auf <strong>Einstellung<\/strong> und dann auf <strong>Darstellung<\/strong> <strong>\u00e4ndern<\/strong>. Dort kannst du im Reiter <strong>Men\u00fcs<\/strong>, den Button <strong>Neues Men\u00fc erstellen<\/strong> ausw\u00e4hlen. Du kannst ein prim\u00e4res und ein sekund\u00e4res Men\u00fc erstellen.<\/p>\n\n\n\n<p>Solltest du nicht beide Men\u00fcs wollen, kannst du auch nur ein Men\u00fc erstellen.<\/p>\n\n\n\n<figure class=\"wp-block-image size-full\"><img decoding=\"async\" width=\"1232\" height=\"807\" async='on' loading='lazy' src=\"https:\/\/spaces.th-koeln.de\/\/app\/uploads\/sites\/14\/2020\/03\/yykptxqfst.gif\" alt=\"\" class=\"wp-image-490\" \/><\/figure>\n<\/details>\n\n\n\n<details class=\"wp-block-details wp-block-spaces-gutenblock-block-details is-layout-flow wp-block-details-is-layout-flow\"><summary>Men\u00fc umbenennen<\/summary>\n<p>Wenn du dein Men\u00fc umbenennen willst, musst du \u00fcber <strong>Einstellungen<\/strong> die <strong>Darstellung \u00e4ndern<\/strong>. \u00dcber den<strong> blauen Editieren Button<\/strong> kannst du dein Men\u00fc umbenennen. <\/p>\n\n\n\n<figure class=\"wp-block-image size-full\"><img decoding=\"async\" width=\"1605\" height=\"943\" async='on' loading='lazy' src=\"https:\/\/spaces.th-koeln.de\/\/app\/uploads\/sites\/14\/2020\/03\/4fc6bwxncm.gif\" alt=\"\" class=\"wp-image-495\" \/><\/figure>\n<\/details>\n\n\n\n<details class=\"wp-block-details wp-block-spaces-gutenblock-block-details is-layout-flow wp-block-details-is-layout-flow\"><summary>Seiten zum Men\u00fc hinzuf\u00fcgen<\/summary>\n<p>Du kannst entscheiden, welche Seiten in welchen Men\u00fc sein sollen. Dazu musst du unter <strong>Darstellung anpassen<\/strong> den Reiter <strong>Men\u00fcs<\/strong> ausw\u00e4hlen. Dort w\u00e4hlst du dein gew\u00fcnschtes Men\u00fc und f\u00fcgst mit einem Klick auf <strong>Eintr\u00e4ge hinzuf\u00fcgen<\/strong> Seiten, Beitr\u00e4ge, Kategorien, Links oder Schlagw\u00f6rter hinzu.<\/p>\n<\/details>\n\n\n\n<details class=\"wp-block-details wp-block-spaces-gutenblock-block-details is-layout-flow wp-block-details-is-layout-flow\"><summary>Men\u00fc l\u00f6schen<\/summary>\n<p>Um ein Men\u00fc zu l\u00f6schen musst du unter <strong>Darstellung anpassen<\/strong> den Reiter <strong>Men\u00fcs<\/strong> ausw\u00e4hlen. Dort w\u00e4hlst du dein gew\u00fcnschtes Men\u00fc und kannst am unten den Button <strong>Men\u00fc l\u00f6schen<\/strong> ausw\u00e4hlen.<\/p>\n\n\n\n<p>Wenn du alle Men\u00fcs l\u00f6schst, wird dir kein Men\u00fc in deinem Space angezeigt.<\/p>\n\n\n\n<figure class=\"wp-block-image size-full\"><img decoding=\"async\" width=\"949\" height=\"798\" async='on' loading='lazy' src=\"https:\/\/spaces.th-koeln.de\/\/app\/uploads\/sites\/14\/2020\/03\/dlsoyp7pea.gif\" alt=\"\" class=\"wp-image-500\" \/><\/figure>\n<\/details>\n\n\n\n<details class=\"wp-block-details wp-block-spaces-gutenblock-block-details is-layout-flow wp-block-details-is-layout-flow\"><summary>Men\u00fc Eigenschaften \u00e4ndern<\/summary>\n<p>Du kannst einstellen, ob dein Men\u00fc dynamisch oder statisch sein soll im Reiter Men\u00fcs unter Darstellung \u00e4ndern. Damit kannst du nur statische oder nur dynamische Men\u00fcs erzeugen.<\/p>\n<\/details>\n\n\n\n<details class=\"wp-block-details wp-block-spaces-gutenblock-block-details is-layout-flow wp-block-details-is-layout-flow\"><summary>Eintr\u00e4ge zum Men\u00fc hinzuf\u00fcgen<\/summary>\n<p>Unter <strong>Darstellung anpassen<\/strong> musst du den Reiter <strong>Men\u00fcs<\/strong> ausw\u00e4hlen. Dort w\u00e4hlst du dein gew\u00fcnschtes Men\u00fc und f\u00fcgst mit einem Klick auf <strong>Eintr\u00e4ge hinzuf\u00fcgen<\/strong> Posts, Kategorien, Links oder Schlagw\u00f6rter hinzu.<\/p>\n\n\n\n<p>Wenn du ein Men\u00fc ausw\u00e4hlst, kannst du alle Eintr\u00e4ge sehen. Wenn du einen Eintrag l\u00f6schen willst, musst du auf ihn klicken und den Button <strong>Entfernen<\/strong> nutzen.<\/p>\n<\/details>\n\n\n\n<p><\/p>\n","protected":false},"excerpt":{"rendered":"","protected":false},"author":2,"featured_media":0,"parent":0,"menu_order":0,"comment_status":"closed","ping_status":"closed","template":"","meta":{"scoped_notify_notify_others":"yes","footnotes":""},"class_list":["post-538","page","type-page","status-publish","hentry"],"_links":{"self":[{"href":"https:\/\/spaces.th-koeln.de\/hilfe\/wp-json\/wp\/v2\/pages\/538","targetHints":{"allow":["GET"]}}],"collection":[{"href":"https:\/\/spaces.th-koeln.de\/hilfe\/wp-json\/wp\/v2\/pages"}],"about":[{"href":"https:\/\/spaces.th-koeln.de\/hilfe\/wp-json\/wp\/v2\/types\/page"}],"author":[{"embeddable":true,"href":"https:\/\/spaces.th-koeln.de\/hilfe\/wp-json\/wp\/v2\/users\/2"}],"replies":[{"embeddable":true,"href":"https:\/\/spaces.th-koeln.de\/hilfe\/wp-json\/wp\/v2\/comments?post=538"}],"version-history":[{"count":2,"href":"https:\/\/spaces.th-koeln.de\/hilfe\/wp-json\/wp\/v2\/pages\/538\/revisions"}],"predecessor-version":[{"id":668,"href":"https:\/\/spaces.th-koeln.de\/hilfe\/wp-json\/wp\/v2\/pages\/538\/revisions\/668"}],"wp:attachment":[{"href":"https:\/\/spaces.th-koeln.de\/hilfe\/wp-json\/wp\/v2\/media?parent=538"}],"curies":[{"name":"wp","href":"https:\/\/api.w.org\/{rel}","templated":true}]}}